 - -41. What is the greatest common factor of 16 and k?
8
Let g = -4 - -276. Calculate the greatest common factor of 68 and g.
68
Let j(l) = 1 + 16 - l - 2. Let f be j(7). Calculate the highest common divisor of 88 and f.
8
Suppose -65 = -22*d + 17*d. Suppose -3*v + 26 = -2*v. Calculate the highest common factor of d and v.
13
Let s = -2 - -4. Suppose 3*j = j - 2*p, 7 = 3*j - 4*p. Calculate the highest common factor of s and j.
1
Let u be 4/(-20) + (-311)/(-5). Suppose -u = -4*g + 18. What is the highest common divisor of g and 8?
4
Let n(s) = -8*s + 0*s - 7*s - s. Let u be n(2). Let v = u + 48. Calculate the highest common divisor of 16 and v.
16
Suppose -2*x = 3*x + 20, 5*x = -3*d + 4. Let y be 75/10*d/5. Let j(t) = 4*t**2 - 5*t + 4. Let w be j(4). Calculate the highest common factor of y and w.
12
Let x be (-1 - -1)/(-5) - (0 + -1). Let r be (1/(-1))/(2/(-2)). Let k = x + r. Calculate the highest common factor of 8 and k.
2
Suppose -40*a + 41*a - 16 = 0. Calculate the greatest common divisor of a and 72.
8
Let k = -1 - -4. Let n(u) = u + 4. Let j be n(0). Suppose -k*c - 53 = -j*h, 2*c - 3 = -1. Calculate the greatest common factor of h and 126.
14
Suppose 0 = -24*n + 25*n - 2. Calculate the greatest common factor of 1 and n.
1
Let c = -1 - -4. Suppose v + 8 = c, i + 3*v - 97 = 0. Let z be (1/1 - -15) + 0. What is the highest common divisor of z and i?
16
Let l = -10 + 16. Suppose 2*v + 3*p + 70 = 0, -5*v - l*p + 2*p - 175 = 0. Let z = -11 - v. What is the highest common divisor of 36 and z?
12
Let x = 159 - 126. What is the greatest common factor of x and 231?
33
Let i = -21 + 23. Calculate the highest common divisor of i and 14.
2
Let a = -6 - -11. What is the highest common divisor of 55 and a?
5
Let k be (2 - (-1 - -3))/(-1). Let q = 10 - 6. Suppose w = -k + q, 0 = -2*c - 5*w + 152. Calculate the highest common factor of c and 6.
6
Let a(i) = -i**2 - 9*i + 4. Let u be a(-9). Let t = u + -6. Let w be 18*((-26)/(-4) + t). What is the greatest common divisor of 9 and w?
9
Let p(z) = 32*z**3 + 2*z - 1. Let w be p(1). Calculate the greatest common divisor of w and 3.
3
Let d = -2 - -1. Let j = 1129 - 1629. Let s be j/(-12) + d/(-3). What is the highest common divisor of 14 and s?
14
Let y(p) = 15*p**2 - 3*p + 1. Let i be y(1). Calculate the highest common factor of 39 and i.
13
Suppose 379 + 61 = 4*b. Calculate the highest common factor of b and 10.
10
Let c = -108 - -119. What is the greatest common factor of c and 176?
11
Let d = 107 + -83. What is the greatest common factor of d and 32?
8
Suppose -2 = -4*r + 3*r. Let s = 19 - 14. Suppose -u - 3*t = 12 - s, 5*u = 4*t + 22. What is the greatest common divisor of u and r?
2
Suppose 0*k - k - 5*l = -38, -2*l = -3*k + 29. Let y = 30 - -22. What is the greatest common divisor of k and y?
13
Suppose 0 = 2*b - 19 - 5. Let u(c) = -2*c**3 - 8*c**2 - 8*c - 6. Let w be u(-5). What is the greatest common factor of b and w?
12
Let f(i) = i**3 + i**2 + 4*i - 4. Let j be f(3). Let w = 25 - 14. What is the highest common factor of j and w?
11
Let v = -8 - -19. What is the highest common divisor of 11 and v?
11
Suppose -4*q + 26 = -390. Let t be 1 + -2 + (3 - -11). Calculate the highest common divisor of t and q.
13
Suppose 2*j - 43 = -5*w, -j - 5*w + 2*w + 19 = 0. Let p = j + -20. What is the greatest common divisor of p and 28?
14
Let x(u) = 3*u**2 - 3*u - 16. Let b be x(-7). What is the greatest common divisor of b and 19?
19
Suppose -12 = -4*c, 2*r = -0*r + c + 37. What is the greatest common divisor of r and 140?
20
Let u(o) = -o**2 - 8*o - 6. Let c = 12 + -17. Let r be u(c). Calculate the highest common divisor of r and 1.
1
Let p be 20/3*(-16 - -22). What is the highest common factor of p and 20?
20
Suppose f + p + 3*p - 10 = 0, -20 = -5*p. Let w be (4/f)/(3/9). Let c = 101 + w. Calculate the highest common factor of c and 11.
11
Let d(g) = -g + 2. Let p be d(-8). Let h = p + 3. Calculate the highest common factor of h and 13.
13
Let x be (-85)/(-4) + (-2)/8. Let i = -16 - -163. Calculate the highest common factor of i and x.
21
Let x = -21 + 30. Suppose 3*v - 23 = -2*i, -x = -2*i + i - 4*v. Calculate the greatest common factor of 65 and i.
13
Let o be (-9)/(-2)*(-416)/(-39). Calculate the highest common divisor of 6 and o.
6
Let b be ((-5)/15*9)/((-1)/17). What is the highest common divisor of 17 and b?
17
Let c = -53 + 83. Calculate the highest common divisor of c and 20.
10
Let j(o) = o**2 + o - 2. Let p be j(2). Let u be (-3)/2*(-4)/3. Calculate the greatest common factor of u and p.
2
Let o = -1 + 2. Let u be 92/14 - (-6)/14. Suppose 2*f = 5*q + 5, 2*q - u*q - 15 = -4*f. What is the greatest common factor of q and o?
1
Let j = -54 + 94. Calculate the highest common factor of j and 8.
8
Let k = -15 - -16. Let d = 4 - 3. What is the highest common divisor of d and k?
1
Let q = -229 + 355. What is the greatest common factor of q and 18?
18
Suppose t - a - 477 = -3*t, 3*a + 3 = 0. Let u = 84 + -67. What is the greatest common divisor of u and t?
17
Let q(j) = -36*j + 4. Let a be q(-1). What is the highest common factor of a and 280?
40
Let d = -363 - -210. Let o = -97 - d. Let y(n) = 2*n**3 - 4*n**2 - n - 1. Let s be y(3). What is the highest common divisor of o and s?
14
Let b = -25 - -15. Let z = -6 - b. Suppose 3*c + w - 31 = 0, -4*c - 4*w = -2*c - z. What is the highest common divisor of 3 and c?
3
Let k = 26 + -11. What is the highest common divisor of 3 and k?
3
Let p = 34 - 18. Suppose 2*m - 6*m = -p. Suppose 3*x - 4*l = 137, 2*l = -2*x + m*l + 88. Calculate the greatest common factor of 13 and x.
13
Suppose -21 = -5*j + 29. Calculate the highest common divisor of j and 40.
10
Let g(n) = n**3 + 13*n**2 - 6*n - 12. Let v be g(-13). Calculate the highest common divisor of 22 and v.
22
Suppose -2*c - 20 = -76. Calculate the greatest common factor of c and 252.
28
Suppose 0*t - 35 = -2*k + t, -5*k - 5*t = -95. What is the greatest common divisor of k and 90?
18
Let x = -98 - -173. Suppose x - 245 = -5*v. Suppose -2*a + 2*z + 28 = -v, 0 = 2*a - 4*z - 72. What is the greatest common divisor of 39 and a?
13
Let p(v) = 2*v**2 - 8*v + 3. Let i be p(7). Let j = i - 27. What is the highest common factor of j and 144?
18
Suppose r - 35 = -5*b + 29, 2*b - 44 = -5*r. What is the highest common factor of b and 132?
12
Let j = 549 - 312. Suppose -w = -a + 2*w - 68, 0 = 4*a - 5*w + j. Let z = -29 - a. What is the greatest common factor of z and 8?
8
Let h be (2/(-1) + 4 + -1)*170. Calculate the highest common factor of h and 34.
34
Let g = 16 - 12. Let m be g/((-55)/19 + 3). What is the greatest common factor of m and 95?
19
Suppose -k = -0*k - 32. What is the greatest common factor of 80 and k?
16
Suppose -r + 0*r + 70 = 0. Let m be 2/(-2) + (19 - 10). Let j be (m/6)/(2/15). Calculate the highest common factor of r and j.
10
Let q be (-2 - 14/3)*(-3 - 0). Calculate the greatest common factor of 160 and q.
20
Suppose -y = 4, -5*y + 22 = 3*g + 6. Calculate the highest common factor of g and 108.
12
Suppose -2 - 14 = -2*l. Calculate the greatest common factor of l and 1.
1
Let i(t) = -t**2 - 19*t - 33. Let f be i(-7). What is the highest common factor of 3 and f?
3
Suppose 3*r = -r + 300. Let u = -93 - -143. What is the highest common factor of u and r?
25
Let m = 32 - 19. Let r = 246 + -142. What is the highest common divisor of m and r?
13
Suppose 0 = -0*a - 2*a + 4. Suppose m + 10 = a*m. What is the highest common divisor of 40 and m?
10
Suppose -2*f + 3*f + 4*s = 164, 0 = 2*f - 2*s - 368. Calculate the greatest common factor of 20 and f.
20
Suppose 0 = -x - 12*x + 780. What is the greatest common divisor of x and 90?
30
Let u be (-1)/(1/(-17)) - -1. Let z(k) = -k**3 - 10*k**2 - 8*k + 7. Let d be z(-9). Let g be 2/3*105 - d. Calculate the highest common factor of g and u.
18
Suppose 3*w - 47 = -3*t + 40, -2*w + 40 = -4*t. What is the greatest common divisor of 26 and w?
26
Let m(l) = -l**2 + l - 1. Let t be m(0). Let p be 16/(t + 5/4). Calculate the greatest common factor of p and 8.
8
Let k(h) = -h**3 - 5*h**2 + 9*h + 8. Let o be k(-8). What is the greatest common divisor of 16 and o?
16
Suppose -9*u = -5 - 4. Let j(v) = v**2 + 3*v + 1. Let l be j(-3). Calculate the highest common factor of u and l.
1
